{"id":244596,"date":"2023-05-15T18:03:53","date_gmt":"2023-05-15T16:03:41","guid":{"rendered":"https:\/\/health-ai.de\/dev-site\/?page_id=244596"},"modified":"2023-09-20T12:15:57","modified_gmt":"2023-09-20T10:15:57","slug":"faq","status":"publish","type":"page","link":"https:\/\/health-ai.de\/dev-site\/faq\/","title":{"rendered":"FAQ"},"content":{"rendered":"\t\t<div data-elementor-type=\"wp-page\" data-elementor-id=\"244596\" class=\"elementor elementor-244596\">\n\t\t\t\t\t\t<section class=\"elementor-section elementor-top-section elementor-element elementor-element-bf36224 elementor-section-boxed elementor-section-height-default elementor-section-height-default\" data-id=\"bf36224\" data-element_type=\"section\">\n\t\t\t\t\t\t<div class=\"elementor-container elementor-column-gap-default\">\n\t\t\t\t\t<div class=\"elementor-column elementor-col-100 elementor-top-column elementor-element elementor-element-a46f3ee\" data-id=\"a46f3ee\" data-element_type=\"column\">\n\t\t\t<div class=\"elementor-widget-wrap elementor-element-populated\">\n\t\t\t\t\t\t<div class=\"elementor-element elementor-element-16fb2aa elementor-widget elementor-widget-toggle\" data-id=\"16fb2aa\" data-element_type=\"widget\" data-widget_type=\"toggle.default\">\n\t\t\t\t<div class=\"elementor-widget-container\">\n\t\t\t\t\t\t\t<div class=\"elementor-toggle\">\n\t\t\t\t\t\t\t<div class=\"elementor-toggle-item\">\n\t\t\t\t\t<div id=\"elementor-tab-title-2401\" class=\"elementor-tab-title\" data-tab=\"1\" role=\"button\" aria-controls=\"elementor-tab-content-2401\" aria-expanded=\"false\">\n\t\t\t\t\t\t\t\t\t\t\t\t<span class=\"elementor-toggle-icon elementor-toggle-icon-left\" aria-hidden=\"true\">\n\t\t\t\t\t\t\t\t\t\t\t\t\t\t\t<span class=\"elementor-toggle-icon-closed\"><i class=\"fas fa-angle-down\"><\/i><\/span>\n\t\t\t\t\t\t\t\t<span class=\"elementor-toggle-icon-opened\"><i class=\"elementor-toggle-icon-opened fas fa-angle-up\"><\/i><\/span>\n\t\t\t\t\t\t\t\t\t\t\t\t\t<\/span>\n\t\t\t\t\t\t\t\t\t\t\t\t<a class=\"elementor-toggle-title\" tabindex=\"0\">Welche Regionen gelten in Deutschland und innerhalb des WIR! Programmes als strukturschwach?<\/a>\n\t\t\t\t\t<\/div>\n\n\t\t\t\t\t<div id=\"elementor-tab-content-2401\" class=\"elementor-tab-content elementor-clearfix\" data-tab=\"1\" role=\"region\" aria-labelledby=\"elementor-tab-title-2401\"><p>Strukturschwache Regionen wurden durch den Bund und die L\u00e4nder im Rahmen der \u201eGemeinschaftsaufgabe zur Verbesserung der regionalen Wirtschaftsstruktur\u201c (GRW) definiert.<\/p><p>Die \u201eWIR!-Region\u201c kann jedoch auch nicht-strukturschwache Gebiete umfassen, sofern die Region \u00fcberwiegend von Strukturschw\u00e4che gekennzeichnet ist. Dar\u00fcber hinaus k\u00f6nnen auch \u00fcberregionale Partner gef\u00f6rdert werden.<\/p><p>Unter\u00a0<a href=\"http:\/\/www.innovation-strukturwandel.de\/gebietsabgrenzung\" target=\"_blank\" rel=\"noopener noreferrer\">www.innovation-strukturwandel.de\/gebietsabgrenzung<\/a>\u00a0k\u00f6nnen F\u00f6rderinteressenten herausfinden, welche Gemeinden bzw. Teile davon in strukturschwachen Regionen (gem\u00e4\u00df GRW) liegen.<\/p><\/div>\n\t\t\t\t<\/div>\n\t\t\t\t\t\t\t<div class=\"elementor-toggle-item\">\n\t\t\t\t\t<div id=\"elementor-tab-title-2402\" class=\"elementor-tab-title\" data-tab=\"2\" role=\"button\" aria-controls=\"elementor-tab-content-2402\" aria-expanded=\"false\">\n\t\t\t\t\t\t\t\t\t\t\t\t<span class=\"elementor-toggle-icon elementor-toggle-icon-left\" aria-hidden=\"true\">\n\t\t\t\t\t\t\t\t\t\t\t\t\t\t\t<span class=\"elementor-toggle-icon-closed\"><i class=\"fas fa-angle-down\"><\/i><\/span>\n\t\t\t\t\t\t\t\t<span class=\"elementor-toggle-icon-opened\"><i class=\"elementor-toggle-icon-opened fas fa-angle-up\"><\/i><\/span>\n\t\t\t\t\t\t\t\t\t\t\t\t\t<\/span>\n\t\t\t\t\t\t\t\t\t\t\t\t<a class=\"elementor-toggle-title\" tabindex=\"0\">Wer kann in Health.AI gef\u00f6rdert werden?<\/a>\n\t\t\t\t\t<\/div>\n\n\t\t\t\t\t<div id=\"elementor-tab-content-2402\" class=\"elementor-tab-content elementor-clearfix\" data-tab=\"2\" role=\"region\" aria-labelledby=\"elementor-tab-title-2402\"><p>Antragsberechtigt sind Hochschulen und au\u00dferuniversit\u00e4re Bildungs- und Forschungs-einrichtungen, Unternehmen der gewerblichen Wirtschaft, gemeinn\u00fctzige Organisationen, Gebietsk\u00f6rperschaften sowie sonstige Einrichtungen wie z. B. Stiftungen, Vereine und Verb\u00e4nde. Voraussetzung ist, dass der Antragsteller Health.AI angeh\u00f6rt.<\/p><\/div>\n\t\t\t\t<\/div>\n\t\t\t\t\t\t\t<div class=\"elementor-toggle-item\">\n\t\t\t\t\t<div id=\"elementor-tab-title-2403\" class=\"elementor-tab-title\" data-tab=\"3\" role=\"button\" aria-controls=\"elementor-tab-content-2403\" aria-expanded=\"false\">\n\t\t\t\t\t\t\t\t\t\t\t\t<span class=\"elementor-toggle-icon elementor-toggle-icon-left\" aria-hidden=\"true\">\n\t\t\t\t\t\t\t\t\t\t\t\t\t\t\t<span class=\"elementor-toggle-icon-closed\"><i class=\"fas fa-angle-down\"><\/i><\/span>\n\t\t\t\t\t\t\t\t<span class=\"elementor-toggle-icon-opened\"><i class=\"elementor-toggle-icon-opened fas fa-angle-up\"><\/i><\/span>\n\t\t\t\t\t\t\t\t\t\t\t\t\t<\/span>\n\t\t\t\t\t\t\t\t\t\t\t\t<a class=\"elementor-toggle-title\" tabindex=\"0\">Wie kann ich Mitglied im Netzwerk Health.AI werden?<\/a>\n\t\t\t\t\t<\/div>\n\n\t\t\t\t\t<div id=\"elementor-tab-content-2403\" class=\"elementor-tab-content elementor-clearfix\" data-tab=\"3\" role=\"region\" aria-labelledby=\"elementor-tab-title-2403\"><p>Mitglied bei health.ai wird man, wenn man einerseits in der adressierten, strukturschwachen Region beheimatet ist und andererseits dem Innovationsfeld Gesundheit\/Digitalisierung\/ K\u00fcnstliche Intelligenz angeh\u00f6rt. Sprechen sie uns an.<br \/>Arbeiten sie im Innovationsfeld, haben ihren Sitz aber au\u00dferhalb der adressierten, strukturschwachen Region, so entscheidet das Netzwerkmanagement individuell \u00fcber den Antrag.<\/p><\/div>\n\t\t\t\t<\/div>\n\t\t\t\t\t\t\t<div class=\"elementor-toggle-item\">\n\t\t\t\t\t<div id=\"elementor-tab-title-2404\" class=\"elementor-tab-title\" data-tab=\"4\" role=\"button\" aria-controls=\"elementor-tab-content-2404\" aria-expanded=\"false\">\n\t\t\t\t\t\t\t\t\t\t\t\t<span class=\"elementor-toggle-icon elementor-toggle-icon-left\" aria-hidden=\"true\">\n\t\t\t\t\t\t\t\t\t\t\t\t\t\t\t<span class=\"elementor-toggle-icon-closed\"><i class=\"fas fa-angle-down\"><\/i><\/span>\n\t\t\t\t\t\t\t\t<span class=\"elementor-toggle-icon-opened\"><i class=\"elementor-toggle-icon-opened fas fa-angle-up\"><\/i><\/span>\n\t\t\t\t\t\t\t\t\t\t\t\t\t<\/span>\n\t\t\t\t\t\t\t\t\t\t\t\t<a class=\"elementor-toggle-title\" tabindex=\"0\">Was ist ein Reallabor?<\/a>\n\t\t\t\t\t<\/div>\n\n\t\t\t\t\t<div id=\"elementor-tab-content-2404\" class=\"elementor-tab-content elementor-clearfix\" data-tab=\"4\" role=\"region\" aria-labelledby=\"elementor-tab-title-2404\"><p>Reallabore als Testr\u00e4ume f\u00fcr Innovation und Regulierung dienen dazu, unter realen Bedingungen Erfahrungen mit digitalen Innovationen zu sammeln. In solchen zeitlich und r\u00e4umlich begrenzten Experimentierr\u00e4umen sollen neue Technologien und Gesch\u00e4ftsmodelle erprobt werden, die mit dem bestehenden Rechts- und Regulierungsrahmen nur bedingt vereinbar sind.<\/p><p>Nach dem Verst\u00e4ndnis der Reallabore-Strategie des Bundeswirtschaftsministeriums verbinden Reallabore drei Elemente:<\/p><ul><li>die begrenzte Erprobung,<\/li><li>die Nutzung rechtlicher Gestaltungspielr\u00e4ume und<\/li><li>aktives regulatorisches Lernen.<\/li><\/ul><\/div>\n\t\t\t\t<\/div>\n\t\t\t\t\t\t\t\t<\/div>\n\t\t\t\t\t\t<\/div>\n\t\t\t\t<\/div>\n\t\t\t\t\t<\/div>\n\t\t<\/div>\n\t\t\t\t\t<\/div>\n\t\t<\/section>\n\t\t\t\t<\/div>\n\t\t","protected":false},"excerpt":{"rendered":"<p>Welche Regionen gelten in Deutschland und innerhalb des WIR! Programmes als strukturschwach? Strukturschwache Regionen wurden durch den Bund und die L\u00e4nder im Rahmen der \u201eGemeinschaftsaufgabe zur Verbesserung der regionalen Wirtschaftsstruktur\u201c &#8230; <a title=\"FAQ\" class=\"read-more\" href=\"https:\/\/health-ai.de\/dev-site\/faq\/\" aria-label=\"Mehr zu FAQ\">Weiterlesen &#8230;<\/a><\/p>\n","protected":false},"author":5,"featured_media":0,"parent":0,"menu_order":2,"comment_status":"closed","ping_status":"closed","template":"","meta":{"footnotes":""},"class_list":{"0":"post-244596","1":"page","2":"type-page","3":"status-publish","5":"no-featured-image-padding"},"_links":{"self":[{"href":"https:\/\/health-ai.de\/dev-site\/wp-json\/wp\/v2\/pages\/244596","targetHints":{"allow":["GET"]}}],"collection":[{"href":"https:\/\/health-ai.de\/dev-site\/wp-json\/wp\/v2\/pages"}],"about":[{"href":"https:\/\/health-ai.de\/dev-site\/wp-json\/wp\/v2\/types\/page"}],"author":[{"embeddable":true,"href":"https:\/\/health-ai.de\/dev-site\/wp-json\/wp\/v2\/users\/5"}],"replies":[{"embeddable":true,"href":"https:\/\/health-ai.de\/dev-site\/wp-json\/wp\/v2\/comments?post=244596"}],"version-history":[{"count":15,"href":"https:\/\/health-ai.de\/dev-site\/wp-json\/wp\/v2\/pages\/244596\/revisions"}],"predecessor-version":[{"id":245440,"href":"https:\/\/health-ai.de\/dev-site\/wp-json\/wp\/v2\/pages\/244596\/revisions\/245440"}],"wp:attachment":[{"href":"https:\/\/health-ai.de\/dev-site\/wp-json\/wp\/v2\/media?parent=244596"}],"curies":[{"name":"wp","href":"https:\/\/api.w.org\/{rel}","templated":true}]}}