{"id":244292,"date":"2023-05-15T17:50:17","date_gmt":"2023-05-15T15:50:17","guid":{"rendered":"https:\/\/health-ai.de\/?page_id=244292"},"modified":"2023-09-11T10:51:50","modified_gmt":"2023-09-11T08:51:50","slug":"hintergrund-wir-im-wandel","status":"publish","type":"page","link":"https:\/\/health-ai.de\/dev-site\/hintergrund-wir-im-wandel\/","title":{"rendered":"Hintergrund: WIR! \u2013 Wandel durch Innovation in der Region"},"content":{"rendered":"\t\t<div data-elementor-type=\"wp-page\" data-elementor-id=\"244292\" class=\"elementor elementor-244292\">\n\t\t\t\t\t\t<section class=\"elementor-section elementor-top-section elementor-element elementor-element-b4b8d76 elementor-section-boxed elementor-section-height-default elementor-section-height-default\" data-id=\"b4b8d76\" data-element_type=\"section\">\n\t\t\t\t\t\t<div class=\"elementor-container elementor-column-gap-default\">\n\t\t\t\t\t<div class=\"elementor-column elementor-col-100 elementor-top-column elementor-element elementor-element-90058a6\" data-id=\"90058a6\" data-element_type=\"column\">\n\t\t\t<div class=\"elementor-widget-wrap elementor-element-populated\">\n\t\t\t\t\t\t<div class=\"elementor-element elementor-element-408ddb1 elementor-widget elementor-widget-text-editor\" data-id=\"408ddb1\" data-element_type=\"widget\" data-widget_type=\"text-editor.default\">\n\t\t\t\t<div class=\"elementor-widget-container\">\n\t\t\t\t\t\t\t\t\t<p>Das Bundesministerium f\u00fcr Bildung und Forschung (BMBF) hat mit dem Start einer zweiten F\u00f6rderrunde des Programms \u201eWIR! \u2013 Wandel durch Innovation in der Region\u201c eine Innovationsf\u00f6rderung f\u00fcr strukturschwache Regionen ins Leben gerufen und damit den Rahmen geschaffen, regional vorhandene wissenschaftliche, wirtschaftliche und gesellschaftliche Innovationspotenziale zu identifizieren, zu f\u00f6rdern und auszubauen. Dieser Rahmen gibt strukturschwachen Regionen die M\u00f6glichkeit, langfristig ihre wirtschaftliche Wettbewerbsf\u00e4higkeit zu verbessern.<\/p>\t\t\t\t\t\t\t\t<\/div>\n\t\t\t\t<\/div>\n\t\t\t\t\t<\/div>\n\t\t<\/div>\n\t\t\t\t\t<\/div>\n\t\t<\/section>\n\t\t\t\t<section class=\"elementor-section elementor-top-section elementor-element elementor-element-077c2f8 elementor-section-content-middle elementor-section-boxed elementor-section-height-default elementor-section-height-default\" data-id=\"077c2f8\" data-element_type=\"section\">\n\t\t\t\t\t\t<div class=\"elementor-container elementor-column-gap-default\">\n\t\t\t\t\t<div class=\"elementor-column elementor-col-50 elementor-top-column elementor-element elementor-element-ee85380\" data-id=\"ee85380\" data-element_type=\"column\">\n\t\t\t<div class=\"elementor-widget-wrap elementor-element-populated\">\n\t\t\t\t\t\t<div class=\"elementor-element elementor-element-b80fe1b elementor-widget elementor-widget-text-editor\" data-id=\"b80fe1b\" data-element_type=\"widget\" data-widget_type=\"text-editor.default\">\n\t\t\t\t<div class=\"elementor-widget-container\">\n\t\t\t\t\t\t\t\t\t<p><span style=\"font-size: 22px;\">Als regionales Innovationsnetzwerk hat Health.AI in der Konzeptionsphase des WIR!-F\u00f6rderprogramms mit seinem Konzept der \u201eAusgestaltung eines intelligenten Gesundheitsraums Saar\u201c \u00fcberzeugt. Seit Dezember 2022 befinden wir uns nun in der Umsetzungsphase, die f\u00fcr sechs Jahre angelegt ist. W\u00e4hrend dieser Phase liegt unser Fokus auf der Verkn\u00fcpfung der Potenziale von Gesundheitswirtschaft mit der Dynamik des IT-Sektors und einem besonderen Schwerpunkt auf k\u00fcnstlicher Intelligenz. Im Netzwerk verstehen wir KI in einem sehr breiten Sinne, da der Begriff f\u00fcr uns auch smarte Innovationen umfasst, einschlie\u00dflich anderer technischer, sozialer und gesellschaftlicher Innovationen, also generell f\u00fcr kollektive Intelligenz.<\/span><\/p><p>Mehr \u00fcber die insgesamt 44 gef\u00f6rderten WIR!-B\u00fcndnisse erfahren Sie auf der interaktiven Karte des BMBF: <a href=\"https:\/\/www.innovation-strukturwandel.de\/SiteGlobals\/Forms\/strukturwandel\/karten\/de\/Karte_formular.html?hideZeitraum=true&amp;hasDonutCluster=true&amp;kartentyp=wir-wandel-durch-innovation-in-der-region&amp;legendeIndex=6\" target=\"_blank\" rel=\"nofollow noopener\"><u>WIR! \u2013 Wandel durch Innovation in der Region<\/u><\/a><\/p>\t\t\t\t\t\t\t\t<\/div>\n\t\t\t\t<\/div>\n\t\t\t\t\t<\/div>\n\t\t<\/div>\n\t\t\t\t<div class=\"elementor-column elementor-col-50 elementor-top-column elementor-element elementor-element-1f84890\" data-id=\"1f84890\" data-element_type=\"column\">\n\t\t\t<div class=\"elementor-widget-wrap elementor-element-populated\">\n\t\t\t\t\t\t<div class=\"elementor-element elementor-element-0225afa elementor-widget elementor-widget-image\" data-id=\"0225afa\" data-element_type=\"widget\" data-widget_type=\"image.default\">\n\t\t\t\t<div class=\"elementor-widget-container\">\n\t\t\t\t\t\t\t\t\t\t\t\t<figure class=\"wp-caption\">\n\t\t\t\t\t\t\t\t\t\t\t<a href=\"https:\/\/www.innovation-strukturwandel.de\/SiteGlobals\/Forms\/strukturwandel\/karten\/de\/Karte_formular.html?hideZeitraum=true&#038;hasDonutCluster=true&#038;kartentyp=wir-wandel-durch-innovation-in-der-region&#038;legendeIndex=6\">\n\t\t\t\t\t\t\t<img fetchpriority=\"high\" decoding=\"async\" width=\"724\" height=\"1024\" src=\"https:\/\/health-ai.de\/dev-site\/wp-content\/uploads\/2023\/09\/Health_AI-Regionen_06-09-2023_Zeichenflaeche-1-724x1024.png\" class=\"attachment-large size-large wp-image-245992\" alt=\"\" srcset=\"https:\/\/health-ai.de\/dev-site\/wp-content\/uploads\/2023\/09\/Health_AI-Regionen_06-09-2023_Zeichenflaeche-1-724x1024.png 724w, https:\/\/health-ai.de\/dev-site\/wp-content\/uploads\/2023\/09\/Health_AI-Regionen_06-09-2023_Zeichenflaeche-1-212x300.png 212w, https:\/\/health-ai.de\/dev-site\/wp-content\/uploads\/2023\/09\/Health_AI-Regionen_06-09-2023_Zeichenflaeche-1-106x150.png 106w, https:\/\/health-ai.de\/dev-site\/wp-content\/uploads\/2023\/09\/Health_AI-Regionen_06-09-2023_Zeichenflaeche-1-768x1086.png 768w, https:\/\/health-ai.de\/dev-site\/wp-content\/uploads\/2023\/09\/Health_AI-Regionen_06-09-2023_Zeichenflaeche-1-1086x1536.png 1086w, https:\/\/health-ai.de\/dev-site\/wp-content\/uploads\/2023\/09\/Health_AI-Regionen_06-09-2023_Zeichenflaeche-1-1448x2048.png 1448w\" sizes=\"(max-width: 724px) 100vw, 724px\" \/>\t\t\t\t\t\t\t\t<\/a>\n\t\t\t\t\t\t\t\t\t\t\t<figcaption class=\"widget-image-caption wp-caption-text\"><\/figcaption>\n\t\t\t\t\t\t\t\t\t\t<\/figure>\n\t\t\t\t\t\t\t\t\t<\/div>\n\t\t\t\t<\/div>\n\t\t\t\t\t<\/div>\n\t\t<\/div>\n\t\t\t\t\t<\/div>\n\t\t<\/section>\n\t\t\t\t<\/div>\n\t\t","protected":false},"excerpt":{"rendered":"<p>Das Bundesministerium f\u00fcr Bildung und Forschung (BMBF) hat mit dem Start einer zweiten F\u00f6rderrunde des Programms \u201eWIR! \u2013 Wandel durch Innovation in der Region\u201c eine Innovationsf\u00f6rderung f\u00fcr strukturschwache Regionen ins &#8230; <a title=\"Hintergrund: WIR! \u2013 Wandel durch Innovation in der Region\" class=\"read-more\" href=\"https:\/\/health-ai.de\/dev-site\/hintergrund-wir-im-wandel\/\" aria-label=\"Mehr zu Hintergrund: WIR! \u2013 Wandel durch Innovation in der Region\">Weiterlesen &#8230;<\/a><\/p>\n","protected":false},"author":5,"featured_media":0,"parent":0,"menu_order":14,"comment_status":"closed","ping_status":"closed","template":"","meta":{"footnotes":""},"class_list":{"0":"post-244292","1":"page","2":"type-page","3":"status-publish","5":"no-featured-image-padding"},"_links":{"self":[{"href":"https:\/\/health-ai.de\/dev-site\/wp-json\/wp\/v2\/pages\/244292","targetHints":{"allow":["GET"]}}],"collection":[{"href":"https:\/\/health-ai.de\/dev-site\/wp-json\/wp\/v2\/pages"}],"about":[{"href":"https:\/\/health-ai.de\/dev-site\/wp-json\/wp\/v2\/types\/page"}],"author":[{"embeddable":true,"href":"https:\/\/health-ai.de\/dev-site\/wp-json\/wp\/v2\/users\/5"}],"replies":[{"embeddable":true,"href":"https:\/\/health-ai.de\/dev-site\/wp-json\/wp\/v2\/comments?post=244292"}],"version-history":[{"count":27,"href":"https:\/\/health-ai.de\/dev-site\/wp-json\/wp\/v2\/pages\/244292\/revisions"}],"predecessor-version":[{"id":246017,"href":"https:\/\/health-ai.de\/dev-site\/wp-json\/wp\/v2\/pages\/244292\/revisions\/246017"}],"wp:attachment":[{"href":"https:\/\/health-ai.de\/dev-site\/wp-json\/wp\/v2\/media?parent=244292"}],"curies":[{"name":"wp","href":"https:\/\/api.w.org\/{rel}","templated":true}]}}