{"id":244290,"date":"2023-05-15T17:50:16","date_gmt":"2023-05-15T15:50:16","guid":{"rendered":"https:\/\/health-ai.de\/?page_id=244290"},"modified":"2023-11-27T13:18:42","modified_gmt":"2023-11-27T12:18:42","slug":"foerderung","status":"publish","type":"page","link":"https:\/\/health-ai.de\/dev-site\/foerderung\/","title":{"rendered":"F\u00f6rderung"},"content":{"rendered":"\t\t<div data-elementor-type=\"wp-page\" data-elementor-id=\"244290\" class=\"elementor elementor-244290\">\n\t\t\t\t\t\t<section class=\"elementor-section elementor-top-section elementor-element elementor-element-bd3b1b3 elementor-section-boxed elementor-section-height-default elementor-section-height-default\" data-id=\"bd3b1b3\" data-element_type=\"section\">\n\t\t\t\t\t\t<div class=\"elementor-container elementor-column-gap-default\">\n\t\t\t\t\t<div class=\"elementor-column elementor-col-100 elementor-top-column elementor-element elementor-element-1092930\" data-id=\"1092930\" data-element_type=\"column\">\n\t\t\t<div class=\"elementor-widget-wrap elementor-element-populated\">\n\t\t\t\t\t\t<div class=\"elementor-element elementor-element-31979ac elementor-widget elementor-widget-text-editor\" data-id=\"31979ac\" data-element_type=\"widget\" data-widget_type=\"text-editor.default\">\n\t\t\t\t<div class=\"elementor-widget-container\">\n\t\t\t\t\t\t\t\t\t<p>Wir suchen zukunftsweisende Projektideen aus dem Bereich Forschung &amp; Entwicklung, die die Potentiale k\u00fcnstlicher Intelligenz und digitaler Technologien nutzen, um Prozesse im Gesundheitskontext von der Pr\u00e4vention bis zur Pflege zu verbessern, zu modernisieren oder intelligenter zu gestalten und so unsere gemeinsame Vision eines Gesundheitsdatenraum Wirklichkeit werden zu lassen. Das sind Beispielsweise Ans\u00e4tze, die sich in die Felder \u201eVerbesserung von&nbsp; Gesundheitskompetenz\u201c, \u201eGeschlechterspezifische Gesundheitsthemen\u201c,&nbsp; \u201eVernetzung durch digitale Infrastrukturen\u201c, \u201eSilver Society\u201c sowie daten-basierter Pr\u00e4vention einordnen lassen. Zentrales Anliegen ist der Wandel in der Gesundheitswirtschaft, der die digitale Transformation (z.B. Mithilfe von KI) mit den Anspr\u00fcchen an innovative Daseinsvorsorge verbindet. Wichtig ist dabei eine aktive Integration der&nbsp; Bev\u00f6lkerung, der Zivilgesellschaft und der kommunalen Selbstverwaltung.<\/p>\n<p><strong>Ideelle F\u00f6rderung <\/strong><\/p>\n<p>Das Health.AI Netzwerk f\u00f6rdert diese Vorhaben durch direkten Kontakt mit und Vernetzung unter gleichgesinnten Akteuren\/Mitgliedern \u2013 darunter sind Firmen, Unternehmen und weitere Institutionen (siehe Mitglieder). All unsere Mitglieder glauben an die Verbesserung des Gesundheitssystems mithilfe von KI-gest\u00fctzten Werkzeugen.<\/p>\n<p>Im Netzwerkmitglieder wollen wir die Wertsch\u00f6pfung im Kontext von KI und Daten besser verstehen, wir wollen Technologiepotentiale erkennen und beschreiben, Interesse und Bedarfe in regionalen Strukturen aufdecken sowie voneinander lernen.<\/p>\n<p>Neben der ideellen F\u00f6rderung verf\u00fcgt das Netzwerk auch \u00fcber F\u00f6rdergelder.&nbsp;<\/p>\n<p><strong>F\u00f6rdergelder <\/strong><\/p>\n<p>Insgesamt stehen f\u00fcr die Gesamtlaufzeit bis zu 8 Millionen Euro zur F\u00f6rderung zur Verf\u00fcgung.<\/p>\n<p>Wir haben sowohl Interesse an Projekten mit kurzer Laufzeit (unter 24 Monaten), die schnell ein wesentliches Ergebnis erwarten lassen, als auch an Projekten, die tiefer in die Materie eintauchen werden (maximal 36 Monate). Angepasst an die Projektlaufzeit und den jeweiligen Projektumfang sollte die durchschnittliche F\u00f6rdersumme bei etwa 300.000-400.000 \u20ac liegen, es gelten die F\u00f6rderbedingungen des BMBF (<a href=\"https:\/\/www.bmbf.de\/bmbf\/shareddocs\/bekanntmachungen\/de\/2019\/11\/2698_bekanntmachung.html\"><u>Link<\/u><\/a>).<\/p>\n<p>Projektantr\u00e4ge k\u00f6nnen in Zusammenhang mit den von Health.AI ver\u00f6ffentlichten F\u00f6rderaufrufen eingereicht werden.&nbsp;Antragsberechtigt sind nur Verb\u00fcnde \u2013 Konsortien &#8211; aus mindestens zwei Netzwerkmitgliedern&nbsp;(nur Organisationen, keine Einzelpersonen). Die Antr\u00e4ge sollten zudem auf die interdisziplin\u00e4re Expertise der \u00fcber 100 Mitglieder von Health.AI aufbauen.&nbsp;<\/p>\n<p><u>Auswahlprozess und zeitlicher Ablauf<\/u><\/p>\n<p>Der Auswahlprozess ist ein zweistufiger Prozess.<\/p>\n<p>Nach Ver\u00f6ffentlichung des Projektaufrufs erfolgt die Finalisierung Ihres Porjektvorhabens in Form der schriftlichen Projektskizze (Projektskizze zum Download). Bitte erl\u00e4utern Sie darin die Projektidee, geben Sie eine erste Einsch\u00e4tzung des voraussichtlich ben\u00f6tigen Projektbudgets und beschreiben Sie, worin die Innovation besteht und welchen Beitrag Ihr Vorhaben zur Strukturentwicklung unserer Region leistet.<\/p>\n<p>Nach Sichtung der Skizzen durch die Netzwerkkoordination erhalten alle Projektkonsortien individuelle R\u00fcckmeldung (formale \u00dcberpr\u00fcfung der Einreichung sowie Passung zur Health.AI-Netzwerkstrategie).<\/p>\n<p>Wurden alle Voraussetzungen erf\u00fcllt, werden Sie gebeten, den Vollantrag&nbsp;auszuformulieren, in dem die oben genannten Punkte weiter vertieft sowie eine ausf\u00fchrliche Beschreibung der Arbeitspakete, der Zeitpl\u00e4ne, des F\u00f6rderbedarfs und der Wettbewerbssituation erl\u00e4utert werden m\u00fcssen.<\/p>\n<p>Der wissenschaftliche Beirat von Health.AI begutachtet alle fristgerecht und vollst\u00e4ndig eingegangenen Projektantr\u00e4ge auf deren F\u00f6rderw\u00fcrdigkeit. Im Rahmen der Beiratssitzung pr\u00e4sentieren und verteidigen die Verbundpartner ihr Projekt vor dem Beirat (online) und beantworten Fragen der Beiratsmitglieder.<\/p>\n<p>Wird das Projekt durch den Beirat dem BMBF zur F\u00f6rderung empfohlen, gegebenenfalls mit Auflagen, erfolgt im Anschluss die formale Antragstellung beim BMBF.<\/p>\n<p>Bei R\u00fcckfragen k\u00f6nnen sie sich gerne schriftlich (<a href=\"mailto:projekte@health-ai.de\"><u>projekte@health-ai.de<\/u><\/a>) oder telefonisch (+49 681-38753540) beim Health.AI-Netzwerkmanagement melden.<\/p>\n<p>Zur Beantwortung von Fragen hinsichtlich Ihrer Projektidee sowie zum Ablauf der Ausschreibung bieten wir im Rahmen der Projektaufrufe offene Online-Beratungssprechstunden an \u2013 melden Sie sich hierzu gerne \u00fcber <a href=\"mailto:projekte@health-ai.de\"><u>projekte@health-ai.de<\/u><\/a>.&nbsp;<\/p>\t\t\t\t\t\t\t\t<\/div>\n\t\t\t\t<\/div>\n\t\t\t\t\t<\/div>\n\t\t<\/div>\n\t\t\t\t\t<\/div>\n\t\t<\/section>\n\t\t\t\t<\/div>\n\t\t","protected":false},"excerpt":{"rendered":"<p>Wir suchen zukunftsweisende Projektideen aus dem Bereich Forschung &amp; Entwicklung, die die Potentiale k\u00fcnstlicher Intelligenz und digitaler Technologien nutzen, um Prozesse im Gesundheitskontext von der Pr\u00e4vention bis zur Pflege zu &#8230; <a title=\"F\u00f6rderung\" class=\"read-more\" href=\"https:\/\/health-ai.de\/dev-site\/foerderung\/\" aria-label=\"Mehr zu F\u00f6rderung\">Weiterlesen &#8230;<\/a><\/p>\n","protected":false},"author":5,"featured_media":0,"parent":0,"menu_order":13,"comment_status":"closed","ping_status":"closed","template":"","meta":{"footnotes":""},"class_list":{"0":"post-244290","1":"page","2":"type-page","3":"status-publish","5":"no-featured-image-padding"},"_links":{"self":[{"href":"https:\/\/health-ai.de\/dev-site\/wp-json\/wp\/v2\/pages\/244290","targetHints":{"allow":["GET"]}}],"collection":[{"href":"https:\/\/health-ai.de\/dev-site\/wp-json\/wp\/v2\/pages"}],"about":[{"href":"https:\/\/health-ai.de\/dev-site\/wp-json\/wp\/v2\/types\/page"}],"author":[{"embeddable":true,"href":"https:\/\/health-ai.de\/dev-site\/wp-json\/wp\/v2\/users\/5"}],"replies":[{"embeddable":true,"href":"https:\/\/health-ai.de\/dev-site\/wp-json\/wp\/v2\/comments?post=244290"}],"version-history":[{"count":20,"href":"https:\/\/health-ai.de\/dev-site\/wp-json\/wp\/v2\/pages\/244290\/revisions"}],"predecessor-version":[{"id":246572,"href":"https:\/\/health-ai.de\/dev-site\/wp-json\/wp\/v2\/pages\/244290\/revisions\/246572"}],"wp:attachment":[{"href":"https:\/\/health-ai.de\/dev-site\/wp-json\/wp\/v2\/media?parent=244290"}],"curies":[{"name":"wp","href":"https:\/\/api.w.org\/{rel}","templated":true}]}}